hat is the units digit of 2694?
4
What is the thousands digit of 2735?
2
What is the thousands digit of 96147?
6
What is the hundreds digit of 3430?
4
What is the units digit of 2233?
3
What is the tens digit of 112?
1
What is the units digit of 188?
8
What is the units digit of 968?
8
What is the hundreds digit of 2982?
9
What is the thousands digit of 1089?
1
What is the thousands digit of 7080?
7
What is the units digit of 38386?
6
What is the tens digit of 1451?
5
What is the tens digit of 5361?
6
What is the hundreds digit of 18531?
5
What is the ten thousands digit of 105234?
0
What is the tens digit of 113?
1
What is the units digit of 4410?
0
What is the units digit of 1065?
5
What is the thousands digit of 1236?
1
What is the thousands digit of 2046?
2
What is the thousands digit of 3110?
3
What is the tens digit of 42757?
5
What is the tens digit of 1348?
4
What is the tens digit of 493?
9
What is the ten thousands digit of 87495?
8
What is the ten thousands digit of 85012?
8
What is the tens digit of 235?
3
What is the thousands digit of 32728?
2
What is the thousands digit of 67722?
7
What is the units digit of 652?
2
What is the units digit of 5260?
0
What is the tens digit of 423?
2
What is the hundreds digit of 1805?
8
What is the tens digit of 12328?
2
What is the hundreds digit of 40245?
2
What is the tens digit of 19175?
7
What is the ten thousands digit of 11256?
1
What is the tens digit of 740?
4
What is the units digit of 2006?
6
What is the tens digit of 1008?
0
What is the tens digit of 20015?
1
What is the hundreds digit of 3800?
8
What is the hundreds digit of 47094?
0
What is the thousands digit of 24129?
4
What is the hundreds digit of 2930?
9
What is the thousands digit of 5602?
5
What is the units digit of 170?
0
What is the ten thousands digit of 48176?
4
What is the hundreds digit of 32045?
0
What is the hundreds digit of 544?
5
What is the tens digit of 10428?
2
What is the tens digit of 4638?
3
What is the tens digit of 5082?
8
What is the tens digit of 2085?
8
What is the ten thousands digit of 21603?
2
What is the units digit of 3514?
4
What is the hundreds digit of 27808?
8
What is the units digit of 18108?
8
What is the units digit of 503?
3
What is the hundreds digit of 4003?
0
What is the tens digit of 31955?
5
What is the thousands digit of 41387?
1
What is the units digit of 95?
5
What is the hundreds digit of 160913?
9
What is the tens digit of 549?
4
What is the hundreds digit of 373?
3
What is the units digit of 2668?
8
What is the thousands digit of 4374?
4
What is the units digit of 2091?
1
What is the tens digit of 1965?
6
What is the tens digit of 16249?
4
What is the tens digit of 2018?
1
What is the units digit of 1164?
4
What is the units digit of 97?
7
What is the thousands digit of 2429?
2
What is the units digit of 3105?
5
What is the thousands digit of 1789?
1
What is the thousands digit of 1395?
1
What is the tens digit of 2854?
5
What is the units digit of 7316?
6
What is the thousands digit of 6206?
6
What is the tens digit of 2112?
1
What is the hundreds digit of 501?
5
What is the thousands digit of 35468?
5
What is the ten thousands digit of 34926?
3
What is the units digit of 1737?
7
What is the tens digit of 14544?
4
What is the hundreds digit of 5132?
1
What is the tens digit of 833?
3
What is the ten thousands digit of 11987?
1
What is the units digit of 30391?
1
What is the units digit of 15?
5
What is the units digit of 41210?
0
What is the hundreds digit of 746?
7
What is the ten thousands digit of 36986?
3
What is the thousands digit of 13735?
3
What is the units digit of 9565?
5
What is the thousands digit of 7543?
7
What is the units digit of 354?
4
What is the tens digit of 7461?
6
What is the tens digit of 255?
5
What is the thousands digit of 9277?
9
What is the tens digit of 739?
3
What is the tens digit of 6933?
3
What is the thousands digit of 9113?
9
What is the thousands digit of 89520?
9
What is the thousands digit of 46194?
6
What is the hundreds digit of 20370?
3
What is the hundreds digit of 19149?
1
What is the thousands digit of 42793?
2
What is the units digit of 1071?
1
What is the tens digit of 66434?
3
What is the units digit of 142?
2
What is the hundreds digit of 4596?
5
What is the hundreds digit of 242?
2
What is the thousands digit of 2765?
2
What is the tens digit of 1161?
6
What is the thousands digit of 15323?
5
What is the hundreds digit of 32043?
0
What is the units digit of 18811?
1
What is the tens digit of 15679?
7
What is the thousands digit of 20123?
0
What is the units digit of 4105?
5
What is the hundreds digit of 7246?
2
What is the units digit of 429?
9
What is the thousands digit of 91760?
1
What is the units digit of 315?
5
What is the units digit of 4119?
9
What is the units digit of 3815?
5
What is the thousands digit of 1169?
1
What is the thousands digit of 75764?
5
What is the tens digit of 2389?
8
What is the hundreds digit of 5602?
6
What is the hundreds digit of 5407?
4
What is the tens digit of 13032?
3
What is the units digit of 1153?
3
What is the tens digit of 20205?
0
What is the thousands digit of 134197?
4
What is the tens digit of 289?
8
What is the units digit of 2172?
2
What is the thousands digit of 4652?
4
What is the tens digit of 28257?
5
What is the tens digit of 1587?
8
What is the thousands digit of 205632?
5
What is the units digit of 2527?
7
What is the hundreds digit of 3235?
2
What is the hundreds digit of 10778?
7
What is the tens digit of 1664?
6
What is the units digit of 70523?
3
What is the hundreds digit of 47359?
3
What is the ten thousands digit of 18096?
1
What is the tens digit of 694?
9
What is the hundreds digit of 6786?
7
What is the thousands digit of 60629?
0
What is the tens digit of 66125?
2
What is the thousands digit of 72005?
2
What is the hundred thousands digit of 194883?
1
What is the hundreds digit of 26109?
1
What is the thousands digit of 20775?
0
What is the units digit of 7065?
5
What is the tens digit of 292?
9
What is the units digit of 2129?
9
What is the thousands digit of 54839?
4
What is the hundreds digit of 141780?
7
What is the thousands digit of 49864?
9
What is the units digit of 6778?
8
What is the tens digit of 6849?
4
What is the thousands digit of 1603?
1
What is the tens digit of 26564?
6
What is the ten thousands digit of 12328?
1
What is the tens digit of 61620?
2
What is the hundreds digit of 863?
8
What is the units digit of 800?
0
What is the hundreds digit of 2721?
7
What is the hundreds digit of 104829?
8
What is the tens digit of 4647?
4
What is the tens digit of 1649?
4
What is the ten thousands digit of 77976?
7
What is the units digit of 15196?
6
What is the hundreds digit of 58808?
8
What is the ten thousands digit of 17695?
1
What is the units digit of 7806?
6
What is the units digit of 466?
6
What is the tens digit of 11320?
2
What is the tens digit of 2484?
8
What is the tens digit of 3772?
7
What is the units digit of 43517?
7
What is the tens digit of 41454?
5
What is the units digit of 129260?
0
What is the tens digit of 805?
0
What is the units digit of 2517?
7
What is the hundreds digit of 8903?
9
What is the ten thousands digit of 32351?
3
What is the tens digit of 9485?
8
What is the ten thousands digit of 44744?
4
What is the ten thousands digit of 24847?
2
What is the units digit of 144231?
1
What is the hundreds digit of 348?
3
What is the ten thousands digit of 45509?
4
What is the ten thousands digit of 40382?
4
What is the units digit of 69868?
8
What is the tens digit of 19263?
6
What is the hundreds digit of 2518?
5
What is the hundreds digit of 13037?
0
What is the tens digit of 22823?
2
What is the hundreds digit of 190135?
1
What is the tens digit of 27496?
9
What is the thousands digit of 10368?
0
What is the units digit of 2878?
8
What is the tens digit of 14828?
2
What is the thousands digit of 109816?
9
What is the hundreds digit of 385?
3
What is the units digit of 8993?
3
What is the units digit of 919?
9
What is the units digit of 1323?
3
What is the units digit of 323?
3
What is the thousands digit of 29602?
9
What is the hundreds digit of 8711?
7
What is the hundreds digit of 7565?
5
What is the units digit of 2279?
9